ors of 2362687?
53, 44579
List the prime factors of 2473680677.
13, 107, 1778347
List the prime factors of 759659269.
759659269
What are the prime factors of 269539596?
2, 3, 743, 3359
List the prime factors of 35877698.
2, 29, 618581
List the prime factors of 392128945.
5, 13, 2393, 2521
List the prime factors of 1926990661.
1607, 1199123
List the prime factors of 190355472.
2, 3, 137, 9649
List the prime factors of 362744463.
3, 120914821
What are the prime factors of 2583268625?
5, 7, 2952307
What are the prime factors of 635872902?
2, 3, 7, 449, 4817
What are the prime factors of 793834131?
3, 701, 377477
What are the prime factors of 64699026?
2, 3, 7, 1540453
List the prime factors of 287445240.
2, 3, 5, 266153
List the prime factors of 34493780.
2, 5, 1724689
List the prime factors of 144444891.
3, 1913, 25169
List the prime factors of 39695406.
2, 3, 373, 17737
What are the prime factors of 543007355?
5, 11, 349, 28289
What are the prime factors of 652892974?
2, 326446487
What are the prime factors of 130263952?
2, 7, 13, 12781
List the prime factors of 54955951.
17, 190159
List the prime factors of 14507185.
5, 7, 11, 769
List the prime factors of 278198051.
278198051
What are the prime factors of 660202366?
2, 709, 465587
List the prime factors of 14796584.
2, 11, 168143
What are the prime factors of 257871475?
5, 10314859
What are the prime factors of 44564441?
397, 112253
List the prime factors of 23953537.
43, 557059
What are the prime factors of 2481197944?
2, 3463, 89561
What are the prime factors of 211194421?
173, 1220777
What are the prime factors of 665884289?
7, 95126327
What are the prime factors of 63954123?
3, 691, 30851
List the prime factors of 65254146.
2, 3, 10875691
What are the prime factors of 51074770?
2, 5, 67, 76231
List the prime factors of 34114838.
2, 17057419
What are the prime factors of 52072244?
2, 7, 409, 4547
What are the prime factors of 1252449742?
2, 7187, 87133
List the prime factors of 362391655.
5, 19, 200771
What are the prime factors of 142156472?
2, 1877, 9467
What are the prime factors of 4542099699?
3, 997, 1518589
List the prime factors of 309390946.
2, 19, 2251, 3617
List the prime factors of 317720298.
2, 3, 7, 23, 67, 4909
What are the prime factors of 14230570?
2, 5, 37, 38461
What are the prime factors of 168077198?
2, 17, 290791
List the prime factors of 21005446.
2, 7, 11, 136399
List the prime factors of 789951422.
2, 13, 23, 821, 1609
List the prime factors of 6662620.
2, 5, 333131
List the prime factors of 811130398.
2, 13, 263, 118621
What are the prime factors of 213480128?
2, 3335627
What are the prime factors of 251759661?
3, 1033, 81239
List the prime factors of 357180740.
2, 5, 7, 419, 6089
List the prime factors of 202297820.
2, 5, 53, 139, 1373
What are the prime factors of 58820655?
3, 5, 3921377
List the prime factors of 1436081201.
397, 1297, 2789
List the prime factors of 499821279.
3, 971, 171583
List the prime factors of 22544941.
17, 79, 16787
What are the prime factors of 102131746?
2, 1303, 39191
What are the prime factors of 4400887877?
3469, 1268633
List the prime factors of 1876852946.
2, 19, 23, 2147429
List the prime factors of 864065478.
2, 3, 43, 449, 7459
List the prime factors of 55972830.
2, 3, 5, 499, 3739
What are the prime factors of 388067152?
2, 11, 1181, 1867
What are the prime factors of 474028521?
3, 83, 353, 5393
List the prime factors of 19073501.
89, 214309
What are the prime factors of 26770659?
3, 439, 20327
List the prime factors of 96062196.
2, 3, 8005183
What are the prime factors of 760184731?
41, 397, 46703
List the prime factors of 94611273.
3, 17, 1855123
What are the prime factors of 9046687254?
2, 3, 11, 137071019
List the prime factors of 1102399324.
2, 13, 181, 117127
What are the prime factors of 44302123?
613, 72271
List the prime factors of 867945363.
3, 1123, 257627
List the prime factors of 425547909.
3, 23, 43, 47809
What are the prime factors of 6077408895?
3, 5, 179, 754489
What are the prime factors of 499541218?
2, 11, 37, 53, 11579
List the prime factors of 3797196036.
2, 3, 89, 3555427
List the prime factors of 2355862198.
2, 11909, 98911
List the prime factors of 1768497414.
2, 3, 2591, 113759
What are the prime factors of 16591659?
3, 7, 73, 79, 137
List the prime factors of 4295601071.
1063, 1831, 2207
What are the prime factors of 5261294446?
2, 19, 8893, 15569
List the prime factors of 27846289.
17, 59, 27763
What are the prime factors of 13493357?
43, 311, 1009
What are the prime factors of 1546778913?
3, 103, 5005757
What are the prime factors of 66926658?
2, 3, 11154443
List the prime factors of 5960792680.
2, 5, 149, 1000133
List the prime factors of 693264959.
1123, 617333
What are the prime factors of 716964443?
13, 17, 53, 61211
List the prime factors of 1115657026.
2, 11, 4610153
List the prime factors of 883787799.
3, 294595933
List the prime factors of 223633864.
2, 457, 61169
List the prime factors of 1575596881.
1575596881
List the prime factors of 1659144319.
7, 89, 2663153
What are the prime factors of 883851499?
281, 557, 5647
List the prime factors of 64489467.
3, 7, 139, 22093
What are the prime factors of 62570416?
2, 3910651
What are the prime factors of 71353877?
7, 1783, 5717
What are the prime factors of 35467450?
2, 5, 709349
What are the prime factors of 2258129274?
2, 3, 67, 5617237
What are the prime factors of 500964502?
2, 29, 8637319
List the prime factors of 133419105.
3, 5, 2964869
List the prime factors of 385132733.
331, 1163543
What are the prime factors of 38081825?
5, 41, 53, 701
What are the prime factors of 6438632401?
12503, 514967
List the prime factors of 24984296.
2, 3123037
What are the prime factors of 935727391?
935727391
What are the prime factors of 269344893?
3, 19, 773, 6113
List the prime factors of 195330342.
2, 3, 2311, 14087
What are the prime factors of 413081842?
2, 1693, 121997
What are the prime factors of 1493411698?
2, 1583, 471703
List the prime factors of 225451258.
2, 10273, 10973
List the prime factors of 3958265.
5, 229, 3457
What are the prime factors of 1170129185?
5, 234025837
What are the prime factors of 476248226?
2, 31, 107, 71789
List the prime factors of 426349390.
2, 5, 23, 1171, 1583
List the prime factors of 616796513.
1481, 416473
List the prime factors of 804359374.
2, 7, 13, 4419557
What are the prime factors of 13794942?
2, 3, 7, 41, 8011
List the prime factors of 14832343.
251, 59093
List the prime factors of 522626121.
3, 17, 179, 6361
List the prime factors of 193274733.
3, 2659, 24229
List the prime factors of 579108497.
11, 37, 179, 7949
What are the prime factors of 7267517847?
3, 73, 11061671
List the prime factors of 408611884.
2, 197, 518543
What are the prime factors of 441482331?
3, 71, 2072687
What are the prime factors of 4023799709?
773, 5205433
List the prime factors of 125860995.
3, 5, 13, 61, 3527
List the prime factors of 92603734.
2, 61, 759047
What are the prime factors of 2766769264?
2, 7, 509, 48533
What are the prime factors of 1279538750?
2, 5, 7, 257, 569
List the prime factors of 599317646.
2, 19, 811, 19447
List the prime factors of 2646236513.
2646236513
List the prime factors of 2281195037.
11, 503, 412289
List the prime factors of 163940724.
2, 3, 17, 267877
List the prime factors of 398616896.
2, 6228389
List the prime factors of 4250931266.
2, 2125465633
What are the prime factors of 2409273920?
2, 5, 23, 327347
What are the prime factors of 27437514?
2, 3, 13, 351763
What are the prime factors of 54840795?
3, 5, 59, 61967
What are the prime factors of 2659104871?
101, 260671
What are the prime factors of 7107753780?
2, 3, 5, 31, 424597
What are the prime factors of 82504118?
2, 19, 2171161
List the prime factors of 52510357.
19, 23, 107, 1123
What are the prime factors of 84516731?
13, 19, 26321
What are the prime factors of 34725469?
23, 1061, 1423
List the prime factors of 662523020.
2, 5, 33126151
List the prime factors of 151276345.
5, 11, 2750479
What are the prime factors of 2167005014?
2, 1083502507
What are the prime factors of 629066785?
5, 37, 3400361
List the prime factors of 351002821.
13, 27000217
What are the prime factors of 130962550?
2, 5, 29, 181, 499
List the prime factors of 420